{"id":44,"date":"2025-09-25T01:19:24","date_gmt":"2025-09-25T01:19:24","guid":{"rendered":"https:\/\/automobil.plucentar.com\/?page_id=44"},"modified":"2025-09-25T01:19:25","modified_gmt":"2025-09-25T01:19:25","slug":"auto-partneri","status":"publish","type":"page","link":"https:\/\/automobil.plucentar.com\/index.php\/auto-partneri\/","title":{"rendered":"Auto partneri"},"content":{"rendered":"\n<p>Pregled svih partnera koji koriste Automobil Connect. Svaki partner ima svoj profil sa opisom ponude, kontakt informacijama i direktnim linkom ka svojim oglasima. <\/p>\n\n\n\n<p>Stranica gradi povjerenje kod kupaca i olak\u0161ava pronalazak provjerenih usluga.<\/p>\n\n\n\n<p><em>&#8220;\u017delite da va\u0161 servis, vulkanizer ili auto ku\u0107a bude vidljiv? Pridru\u017eite se na\u0161em mre\u017enom prostoru i pove\u0107ajte broj svojih klijenata.&#8221;<\/em><\/p>\n","protected":false},"excerpt":{"rendered":"<p>Pregled svih partnera koji koriste Automobil Connect. Svaki partner ima svoj profil sa opisom ponude, [&hellip;]<\/p>\n","protected":false},"author":1,"featured_media":0,"parent":0,"menu_order":0,"comment_status":"closed","ping_status":"closed","template":"","meta":{"footnotes":""},"class_list":["post-44","page","type-page","status-publish","hentry"],"yoast_head":"<!-- This site is optimized with the Yoast SEO plugin v26.0 - https:\/\/yoast.com\/wordpress\/plugins\/seo\/ -->\n<title>Auto partneri - Tvoj auto svijet<\/title>\n<meta name=\"robots\" content=\"index, follow, max-snippet:-1, max-image-preview:large, max-video-preview:-1\" \/>\n<link rel=\"canonical\" href=\"https:\/\/automobil.plucentar.com\/index.php\/auto-partneri\/\" \/>\n<meta property=\"og:locale\" content=\"en_US\" \/>\n<meta property=\"og:type\" content=\"article\" \/>\n<meta property=\"og:title\" content=\"Auto partneri - Tvoj auto svijet\" \/>\n<meta property=\"og:description\" content=\"Pregled svih partnera koji koriste Automobil Connect. Svaki partner ima svoj profil sa opisom ponude, [&hellip;]\" \/>\n<meta property=\"og:url\" content=\"https:\/\/automobil.plucentar.com\/index.php\/auto-partneri\/\" \/>\n<meta property=\"og:site_name\" content=\"Tvoj auto svijet\" \/>\n<meta property=\"article:modified_time\" content=\"2025-09-25T01:19:25+00:00\" \/>\n<meta name=\"twitter:card\" content=\"summary_large_image\" \/>\n<script type=\"application\/ld+json\" class=\"yoast-schema-graph\">{\"@context\":\"https:\/\/schema.org\",\"@graph\":[{\"@type\":[\"WebPage\",\"CollectionPage\"],\"@id\":\"https:\/\/automobil.plucentar.com\/index.php\/auto-partneri\/\",\"url\":\"https:\/\/automobil.plucentar.com\/index.php\/auto-partneri\/\",\"name\":\"Auto partneri - Tvoj auto svijet\",\"isPartOf\":{\"@id\":\"https:\/\/automobil.plucentar.com\/#website\"},\"datePublished\":\"2025-09-25T01:19:24+00:00\",\"dateModified\":\"2025-09-25T01:19:25+00:00\",\"breadcrumb\":{\"@id\":\"https:\/\/automobil.plucentar.com\/index.php\/auto-partneri\/#breadcrumb\"},\"inLanguage\":\"en-US\"},{\"@type\":\"BreadcrumbList\",\"@id\":\"https:\/\/automobil.plucentar.com\/index.php\/auto-partneri\/#breadcrumb\",\"itemListElement\":[{\"@type\":\"ListItem\",\"position\":1,\"name\":\"Home\",\"item\":\"https:\/\/automobil.plucentar.com\/\"},{\"@type\":\"ListItem\",\"position\":2,\"name\":\"Auto partneri\"}]},{\"@type\":\"WebSite\",\"@id\":\"https:\/\/automobil.plucentar.com\/#website\",\"url\":\"https:\/\/automobil.plucentar.com\/\",\"name\":\"Tvoj auto svijet\",\"description\":\"Povezujemo prodava\u010de i kupce\",\"publisher\":{\"@id\":\"https:\/\/automobil.plucentar.com\/#organization\"},\"potentialAction\":[{\"@type\":\"SearchAction\",\"target\":{\"@type\":\"EntryPoint\",\"urlTemplate\":\"https:\/\/automobil.plucentar.com\/?s={search_term_string}\"},\"query-input\":{\"@type\":\"PropertyValueSpecification\",\"valueRequired\":true,\"valueName\":\"search_term_string\"}}],\"inLanguage\":\"en-US\"},{\"@type\":\"Organization\",\"@id\":\"https:\/\/automobil.plucentar.com\/#organization\",\"name\":\"PLU Marketing - automobil connect\",\"url\":\"https:\/\/automobil.plucentar.com\/\",\"logo\":{\"@type\":\"ImageObject\",\"inLanguage\":\"en-US\",\"@id\":\"https:\/\/automobil.plucentar.com\/#\/schema\/logo\/image\/\",\"url\":\"http:\/\/automobil.plucentar.com\/wp-content\/uploads\/2025\/09\/cropped-PLU__2_-removebg-preview-4.png\",\"contentUrl\":\"http:\/\/automobil.plucentar.com\/wp-content\/uploads\/2025\/09\/cropped-PLU__2_-removebg-preview-4.png\",\"width\":512,\"height\":512,\"caption\":\"PLU Marketing - automobil connect\"},\"image\":{\"@id\":\"https:\/\/automobil.plucentar.com\/#\/schema\/logo\/image\/\"}}]}<\/script>\n<!-- \/ Yoast SEO plugin. -->","yoast_head_json":{"title":"Auto partneri - Tvoj auto svijet","robots":{"index":"index","follow":"follow","max-snippet":"max-snippet:-1","max-image-preview":"max-image-preview:large","max-video-preview":"max-video-preview:-1"},"canonical":"https:\/\/automobil.plucentar.com\/index.php\/auto-partneri\/","og_locale":"en_US","og_type":"article","og_title":"Auto partneri - Tvoj auto svijet","og_description":"Pregled svih partnera koji koriste Automobil Connect. Svaki partner ima svoj profil sa opisom ponude, [&hellip;]","og_url":"https:\/\/automobil.plucentar.com\/index.php\/auto-partneri\/","og_site_name":"Tvoj auto svijet","article_modified_time":"2025-09-25T01:19:25+00:00","twitter_card":"summary_large_image","schema":{"@context":"https:\/\/schema.org","@graph":[{"@type":["WebPage","CollectionPage"],"@id":"https:\/\/automobil.plucentar.com\/index.php\/auto-partneri\/","url":"https:\/\/automobil.plucentar.com\/index.php\/auto-partneri\/","name":"Auto partneri - Tvoj auto svijet","isPartOf":{"@id":"https:\/\/automobil.plucentar.com\/#website"},"datePublished":"2025-09-25T01:19:24+00:00","dateModified":"2025-09-25T01:19:25+00:00","breadcrumb":{"@id":"https:\/\/automobil.plucentar.com\/index.php\/auto-partneri\/#breadcrumb"},"inLanguage":"en-US"},{"@type":"BreadcrumbList","@id":"https:\/\/automobil.plucentar.com\/index.php\/auto-partneri\/#breadcrumb","itemListElement":[{"@type":"ListItem","position":1,"name":"Home","item":"https:\/\/automobil.plucentar.com\/"},{"@type":"ListItem","position":2,"name":"Auto partneri"}]},{"@type":"WebSite","@id":"https:\/\/automobil.plucentar.com\/#website","url":"https:\/\/automobil.plucentar.com\/","name":"Tvoj auto svijet","description":"Povezujemo prodava\u010de i kupce","publisher":{"@id":"https:\/\/automobil.plucentar.com\/#organization"},"potentialAction":[{"@type":"SearchAction","target":{"@type":"EntryPoint","urlTemplate":"https:\/\/automobil.plucentar.com\/?s={search_term_string}"},"query-input":{"@type":"PropertyValueSpecification","valueRequired":true,"valueName":"search_term_string"}}],"inLanguage":"en-US"},{"@type":"Organization","@id":"https:\/\/automobil.plucentar.com\/#organization","name":"PLU Marketing - automobil connect","url":"https:\/\/automobil.plucentar.com\/","logo":{"@type":"ImageObject","inLanguage":"en-US","@id":"https:\/\/automobil.plucentar.com\/#\/schema\/logo\/image\/","url":"http:\/\/automobil.plucentar.com\/wp-content\/uploads\/2025\/09\/cropped-PLU__2_-removebg-preview-4.png","contentUrl":"http:\/\/automobil.plucentar.com\/wp-content\/uploads\/2025\/09\/cropped-PLU__2_-removebg-preview-4.png","width":512,"height":512,"caption":"PLU Marketing - automobil connect"},"image":{"@id":"https:\/\/automobil.plucentar.com\/#\/schema\/logo\/image\/"}}]}},"_links":{"self":[{"href":"https:\/\/automobil.plucentar.com\/index.php\/wp-json\/wp\/v2\/pages\/44","targetHints":{"allow":["GET"]}}],"collection":[{"href":"https:\/\/automobil.plucentar.com\/index.php\/wp-json\/wp\/v2\/pages"}],"about":[{"href":"https:\/\/automobil.plucentar.com\/index.php\/wp-json\/wp\/v2\/types\/page"}],"author":[{"embeddable":true,"href":"https:\/\/automobil.plucentar.com\/index.php\/wp-json\/wp\/v2\/users\/1"}],"replies":[{"embeddable":true,"href":"https:\/\/automobil.plucentar.com\/index.php\/wp-json\/wp\/v2\/comments?post=44"}],"version-history":[{"count":1,"href":"https:\/\/automobil.plucentar.com\/index.php\/wp-json\/wp\/v2\/pages\/44\/revisions"}],"predecessor-version":[{"id":45,"href":"https:\/\/automobil.plucentar.com\/index.php\/wp-json\/wp\/v2\/pages\/44\/revisions\/45"}],"wp:attachment":[{"href":"https:\/\/automobil.plucentar.com\/index.php\/wp-json\/wp\/v2\/media?parent=44"}],"curies":[{"name":"wp","href":"https:\/\/api.w.org\/{rel}","templated":true}]}}