{"id":46,"date":"2025-09-25T01:22:11","date_gmt":"2025-09-25T01:22:11","guid":{"rendered":"https:\/\/automobil.plucentar.com\/?page_id=46"},"modified":"2025-09-25T15:09:11","modified_gmt":"2025-09-25T15:09:11","slug":"savjeti-sa-clancima-blogovima-vodicima-i-preporukama-za-kupce-i-partnere","status":"publish","type":"page","link":"https:\/\/automobil.plucentar.com\/index.php\/savjeti-sa-clancima-blogovima-vodicima-i-preporukama-za-kupce-i-partnere\/","title":{"rendered":"Savjeti"},"content":{"rendered":"\n<p>Edukatvni odjeljak sa \u010dlancima, vodi\u010dima i preporukama za kupce i partnere. <\/p>\n\n\n\n<p>Teme uklju\u010duju savjete za kupovinu vozila, odr\u017eavanje, sigurnost, najnovije trendove u auto industriji i marketin\u0161ke savjete za partnere.<\/p>\n\n\n\n<p><em>&#8220;Iskoristite stru\u010dne savjete da unaprijedite svoju ponudu i privu\u010dete vi\u0161e kupaca.&#8221;<\/em><\/p>\n\n\n<ul class=\"wp-block-latest-posts__list is-grid columns-3 wp-block-latest-posts\"><li><div class=\"wp-block-latest-posts__featured-image\"><img loading=\"lazy\" decoding=\"async\" width=\"800\" height=\"800\" src=\"https:\/\/automobil.plucentar.com\/wp-content\/uploads\/2025\/09\/Sta-paziti-kada-kupujemo-2.png\" class=\"attachment-large size-large wp-post-image\" alt=\"Priprema vozila za jesen AUTOMOBIL CONNECT\" style=\"\" srcset=\"https:\/\/automobil.plucentar.com\/wp-content\/uploads\/2025\/09\/Sta-paziti-kada-kupujemo-2.png 800w, https:\/\/automobil.plucentar.com\/wp-content\/uploads\/2025\/09\/Sta-paziti-kada-kupujemo-2-300x300.png 300w, https:\/\/automobil.plucentar.com\/wp-content\/uploads\/2025\/09\/Sta-paziti-kada-kupujemo-2-150x150.png 150w, https:\/\/automobil.plucentar.com\/wp-content\/uploads\/2025\/09\/Sta-paziti-kada-kupujemo-2-768x768.png 768w\" sizes=\"auto, (max-width: 800px) 100vw, 800px\" \/><\/div><a class=\"wp-block-latest-posts__post-title\" href=\"https:\/\/automobil.plucentar.com\/index.php\/2025\/09\/26\/priprema-vozila-za-jesen\/\">Priprema vozila za jesen \u2013 \u0161ta svaki voza\u010d treba znati<\/a><\/li>\n<li><div class=\"wp-block-latest-posts__featured-image\"><img loading=\"lazy\" decoding=\"async\" width=\"800\" height=\"800\" src=\"https:\/\/automobil.plucentar.com\/wp-content\/uploads\/2025\/09\/Sta-paziti-kada-kupujemo-1-1.png\" class=\"attachment-large size-large wp-post-image\" alt=\"\u0160ta paziti kada kupujemo polovno auto\" style=\"\" srcset=\"https:\/\/automobil.plucentar.com\/wp-content\/uploads\/2025\/09\/Sta-paziti-kada-kupujemo-1-1.png 800w, https:\/\/automobil.plucentar.com\/wp-content\/uploads\/2025\/09\/Sta-paziti-kada-kupujemo-1-1-300x300.png 300w, https:\/\/automobil.plucentar.com\/wp-content\/uploads\/2025\/09\/Sta-paziti-kada-kupujemo-1-1-150x150.png 150w, https:\/\/automobil.plucentar.com\/wp-content\/uploads\/2025\/09\/Sta-paziti-kada-kupujemo-1-1-768x768.png 768w\" sizes=\"auto, (max-width: 800px) 100vw, 800px\" \/><\/div><a class=\"wp-block-latest-posts__post-title\" href=\"https:\/\/automobil.plucentar.com\/index.php\/2025\/09\/25\/savjeti-sta-paziti-kada-kupujemo-polovno-auto\/\">\u0160ta paziti kada kupujemo polovno auto<\/a><\/li>\n<\/ul>\n\n\n<p><\/p>\n","protected":false},"excerpt":{"rendered":"<p>Edukatvni odjeljak sa \u010dlancima, vodi\u010dima i preporukama za kupce i partnere. Teme uklju\u010duju savjete za [&hellip;]<\/p>\n","protected":false},"author":1,"featured_media":0,"parent":0,"menu_order":0,"comment_status":"closed","ping_status":"closed","template":"","meta":{"footnotes":""},"class_list":["post-46","page","type-page","status-publish","hentry"],"yoast_head":"<!-- This site is optimized with the Yoast SEO plugin v26.0 - https:\/\/yoast.com\/wordpress\/plugins\/seo\/ -->\n<title>Savjeti - Tvoj auto svijet<\/title>\n<meta name=\"description\" content=\"Savjeti sa \u010dlancima, blogovima, vodi\u010dima i preporukama za kupce i partnere.\" \/>\n<meta name=\"robots\" content=\"index, follow, max-snippet:-1, max-image-preview:large, max-video-preview:-1\" \/>\n<link rel=\"canonical\" href=\"https:\/\/automobil.plucentar.com\/index.php\/savjeti-sa-clancima-blogovima-vodicima-i-preporukama-za-kupce-i-partnere\/\" \/>\n<meta property=\"og:locale\" content=\"en_US\" \/>\n<meta property=\"og:type\" content=\"article\" \/>\n<meta property=\"og:title\" content=\"Savjeti - Tvoj auto svijet\" \/>\n<meta property=\"og:description\" content=\"Savjeti sa \u010dlancima, blogovima, vodi\u010dima i preporukama za kupce i partnere.\" \/>\n<meta property=\"og:url\" content=\"https:\/\/automobil.plucentar.com\/index.php\/savjeti-sa-clancima-blogovima-vodicima-i-preporukama-za-kupce-i-partnere\/\" \/>\n<meta property=\"og:site_name\" content=\"Tvoj auto svijet\" \/>\n<meta property=\"article:modified_time\" content=\"2025-09-25T15:09:11+00:00\" \/>\n<meta name=\"twitter:card\" content=\"summary_large_image\" \/>\n<meta name=\"twitter:label1\" content=\"Est. reading time\" \/>\n\t<meta name=\"twitter:data1\" content=\"1 minute\" \/>\n<script type=\"application\/ld+json\" class=\"yoast-schema-graph\">{\"@context\":\"https:\/\/schema.org\",\"@graph\":[{\"@type\":\"WebPage\",\"@id\":\"https:\/\/automobil.plucentar.com\/index.php\/savjeti-sa-clancima-blogovima-vodicima-i-preporukama-za-kupce-i-partnere\/\",\"url\":\"https:\/\/automobil.plucentar.com\/index.php\/savjeti-sa-clancima-blogovima-vodicima-i-preporukama-za-kupce-i-partnere\/\",\"name\":\"Savjeti - Tvoj auto svijet\",\"isPartOf\":{\"@id\":\"https:\/\/automobil.plucentar.com\/#website\"},\"datePublished\":\"2025-09-25T01:22:11+00:00\",\"dateModified\":\"2025-09-25T15:09:11+00:00\",\"description\":\"Savjeti sa \u010dlancima, blogovima, vodi\u010dima i preporukama za kupce i partnere.\",\"breadcrumb\":{\"@id\":\"https:\/\/automobil.plucentar.com\/index.php\/savjeti-sa-clancima-blogovima-vodicima-i-preporukama-za-kupce-i-partnere\/#breadcrumb\"},\"inLanguage\":\"en-US\",\"potentialAction\":[{\"@type\":\"ReadAction\",\"target\":[\"https:\/\/automobil.plucentar.com\/index.php\/savjeti-sa-clancima-blogovima-vodicima-i-preporukama-za-kupce-i-partnere\/\"]}]},{\"@type\":\"BreadcrumbList\",\"@id\":\"https:\/\/automobil.plucentar.com\/index.php\/savjeti-sa-clancima-blogovima-vodicima-i-preporukama-za-kupce-i-partnere\/#breadcrumb\",\"itemListElement\":[{\"@type\":\"ListItem\",\"position\":1,\"name\":\"Home\",\"item\":\"https:\/\/automobil.plucentar.com\/\"},{\"@type\":\"ListItem\",\"position\":2,\"name\":\"Savjeti\"}]},{\"@type\":\"WebSite\",\"@id\":\"https:\/\/automobil.plucentar.com\/#website\",\"url\":\"https:\/\/automobil.plucentar.com\/\",\"name\":\"Tvoj auto svijet\",\"description\":\"Povezujemo prodava\u010de i kupce\",\"publisher\":{\"@id\":\"https:\/\/automobil.plucentar.com\/#organization\"},\"potentialAction\":[{\"@type\":\"SearchAction\",\"target\":{\"@type\":\"EntryPoint\",\"urlTemplate\":\"https:\/\/automobil.plucentar.com\/?s={search_term_string}\"},\"query-input\":{\"@type\":\"PropertyValueSpecification\",\"valueRequired\":true,\"valueName\":\"search_term_string\"}}],\"inLanguage\":\"en-US\"},{\"@type\":\"Organization\",\"@id\":\"https:\/\/automobil.plucentar.com\/#organization\",\"name\":\"PLU Marketing - automobil connect\",\"url\":\"https:\/\/automobil.plucentar.com\/\",\"logo\":{\"@type\":\"ImageObject\",\"inLanguage\":\"en-US\",\"@id\":\"https:\/\/automobil.plucentar.com\/#\/schema\/logo\/image\/\",\"url\":\"http:\/\/automobil.plucentar.com\/wp-content\/uploads\/2025\/09\/cropped-PLU__2_-removebg-preview-4.png\",\"contentUrl\":\"http:\/\/automobil.plucentar.com\/wp-content\/uploads\/2025\/09\/cropped-PLU__2_-removebg-preview-4.png\",\"width\":512,\"height\":512,\"caption\":\"PLU Marketing - automobil connect\"},\"image\":{\"@id\":\"https:\/\/automobil.plucentar.com\/#\/schema\/logo\/image\/\"}}]}<\/script>\n<!-- \/ Yoast SEO plugin. -->","yoast_head_json":{"title":"Savjeti - Tvoj auto svijet","description":"Savjeti sa \u010dlancima, blogovima, vodi\u010dima i preporukama za kupce i partnere.","robots":{"index":"index","follow":"follow","max-snippet":"max-snippet:-1","max-image-preview":"max-image-preview:large","max-video-preview":"max-video-preview:-1"},"canonical":"https:\/\/automobil.plucentar.com\/index.php\/savjeti-sa-clancima-blogovima-vodicima-i-preporukama-za-kupce-i-partnere\/","og_locale":"en_US","og_type":"article","og_title":"Savjeti - Tvoj auto svijet","og_description":"Savjeti sa \u010dlancima, blogovima, vodi\u010dima i preporukama za kupce i partnere.","og_url":"https:\/\/automobil.plucentar.com\/index.php\/savjeti-sa-clancima-blogovima-vodicima-i-preporukama-za-kupce-i-partnere\/","og_site_name":"Tvoj auto svijet","article_modified_time":"2025-09-25T15:09:11+00:00","twitter_card":"summary_large_image","twitter_misc":{"Est. reading time":"1 minute"},"schema":{"@context":"https:\/\/schema.org","@graph":[{"@type":"WebPage","@id":"https:\/\/automobil.plucentar.com\/index.php\/savjeti-sa-clancima-blogovima-vodicima-i-preporukama-za-kupce-i-partnere\/","url":"https:\/\/automobil.plucentar.com\/index.php\/savjeti-sa-clancima-blogovima-vodicima-i-preporukama-za-kupce-i-partnere\/","name":"Savjeti - Tvoj auto svijet","isPartOf":{"@id":"https:\/\/automobil.plucentar.com\/#website"},"datePublished":"2025-09-25T01:22:11+00:00","dateModified":"2025-09-25T15:09:11+00:00","description":"Savjeti sa \u010dlancima, blogovima, vodi\u010dima i preporukama za kupce i partnere.","breadcrumb":{"@id":"https:\/\/automobil.plucentar.com\/index.php\/savjeti-sa-clancima-blogovima-vodicima-i-preporukama-za-kupce-i-partnere\/#breadcrumb"},"inLanguage":"en-US","potentialAction":[{"@type":"ReadAction","target":["https:\/\/automobil.plucentar.com\/index.php\/savjeti-sa-clancima-blogovima-vodicima-i-preporukama-za-kupce-i-partnere\/"]}]},{"@type":"BreadcrumbList","@id":"https:\/\/automobil.plucentar.com\/index.php\/savjeti-sa-clancima-blogovima-vodicima-i-preporukama-za-kupce-i-partnere\/#breadcrumb","itemListElement":[{"@type":"ListItem","position":1,"name":"Home","item":"https:\/\/automobil.plucentar.com\/"},{"@type":"ListItem","position":2,"name":"Savjeti"}]},{"@type":"WebSite","@id":"https:\/\/automobil.plucentar.com\/#website","url":"https:\/\/automobil.plucentar.com\/","name":"Tvoj auto svijet","description":"Povezujemo prodava\u010de i kupce","publisher":{"@id":"https:\/\/automobil.plucentar.com\/#organization"},"potentialAction":[{"@type":"SearchAction","target":{"@type":"EntryPoint","urlTemplate":"https:\/\/automobil.plucentar.com\/?s={search_term_string}"},"query-input":{"@type":"PropertyValueSpecification","valueRequired":true,"valueName":"search_term_string"}}],"inLanguage":"en-US"},{"@type":"Organization","@id":"https:\/\/automobil.plucentar.com\/#organization","name":"PLU Marketing - automobil connect","url":"https:\/\/automobil.plucentar.com\/","logo":{"@type":"ImageObject","inLanguage":"en-US","@id":"https:\/\/automobil.plucentar.com\/#\/schema\/logo\/image\/","url":"http:\/\/automobil.plucentar.com\/wp-content\/uploads\/2025\/09\/cropped-PLU__2_-removebg-preview-4.png","contentUrl":"http:\/\/automobil.plucentar.com\/wp-content\/uploads\/2025\/09\/cropped-PLU__2_-removebg-preview-4.png","width":512,"height":512,"caption":"PLU Marketing - automobil connect"},"image":{"@id":"https:\/\/automobil.plucentar.com\/#\/schema\/logo\/image\/"}}]}},"_links":{"self":[{"href":"https:\/\/automobil.plucentar.com\/index.php\/wp-json\/wp\/v2\/pages\/46","targetHints":{"allow":["GET"]}}],"collection":[{"href":"https:\/\/automobil.plucentar.com\/index.php\/wp-json\/wp\/v2\/pages"}],"about":[{"href":"https:\/\/automobil.plucentar.com\/index.php\/wp-json\/wp\/v2\/types\/page"}],"author":[{"embeddable":true,"href":"https:\/\/automobil.plucentar.com\/index.php\/wp-json\/wp\/v2\/users\/1"}],"replies":[{"embeddable":true,"href":"https:\/\/automobil.plucentar.com\/index.php\/wp-json\/wp\/v2\/comments?post=46"}],"version-history":[{"count":4,"href":"https:\/\/automobil.plucentar.com\/index.php\/wp-json\/wp\/v2\/pages\/46\/revisions"}],"predecessor-version":[{"id":67,"href":"https:\/\/automobil.plucentar.com\/index.php\/wp-json\/wp\/v2\/pages\/46\/revisions\/67"}],"wp:attachment":[{"href":"https:\/\/automobil.plucentar.com\/index.php\/wp-json\/wp\/v2\/media?parent=46"}],"curies":[{"name":"wp","href":"https:\/\/api.w.org\/{rel}","templated":true}]}}